{"id":194,"date":"2025-04-20T08:39:20","date_gmt":"2025-04-20T08:39:20","guid":{"rendered":"https:\/\/www.duyudil.com.tr\/?page_id=194"},"modified":"2025-04-20T08:39:21","modified_gmt":"2025-04-20T08:39:21","slug":"ergoterapi","status":"publish","type":"page","link":"https:\/\/www.duyudil.com.tr\/?page_id=194","title":{"rendered":"ERGOTERAP\u0130"},"content":{"rendered":"\n<p class=\"has-foreground-color has-text-color has-link-color wp-elements-1b56009967de114b0616a4d93ec722f5\">Ergoterapi, fiziksel, duyusal, sosyal veya bili\u015fsel sorunlar\u0131 olan her ya\u015ftan bireye yard\u0131mc\u0131 olan bir sa\u011fl\u0131k hizmeti dal\u0131d\u0131r.<\/p>\n\n\n\n<p class=\"has-foreground-color has-text-color has-link-color wp-elements-f9288af3743bc74666c517206f95e4e6\">Ergoterapi, fiziksel, duyusal, sosyal veya bili\u015fsel sorunlar\u0131 olan her ya\u015ftan bireye yard\u0131mc\u0131 olan bir sa\u011fl\u0131k hizmeti dal\u0131d\u0131r. Ergoterapistler, anlaml\u0131 ve ama\u00e7l\u0131 aktiviteler yolu ile ki\u015finin sahip oldu\u011fu fiziksel, duyusal, psikolojik, sosyal beceri ve yeteneklerini geli\u015ftirerek g\u00fcnl\u00fck ya\u015fam aktivitelerine kat\u0131l\u0131m\u0131n\u0131 ve ba\u011f\u0131ms\u0131zl\u0131\u011f\u0131n\u0131 art\u0131rarak ki\u015finin sa\u011fl\u0131k ve refah\u0131n\u0131 geli\u015ftirmeyi hedefler. Ergoterapist taraf\u0131ndan \u00e7ocu\u011fun performans\u0131n\u0131 etkileyen t\u00fcm fakt\u00f6rler detayl\u0131 \u015fekilde, \u00e7ocu\u011fun geli\u015fimsel \u00f6zelliklerine uygun de\u011ferlendirme ara\u00e7lar\u0131 ile de\u011ferlendirilir ve de\u011ferlendirme sonucunda ki\u015fiye \u00f6zel m\u00fcdahale planlar\u0131 olu\u015fturulur. M\u00fcdahaleler s\u0131ras\u0131nda duyu b\u00fct\u00fcnleme tedavisi, alg\u0131-motor yakla\u015f\u0131mlar, oyun terapisi, bili\u015fsel rehabilitasyon, g\u00fcnl\u00fck ya\u015fam aktiviteleri e\u011fitimi, psikososyal yakla\u015f\u0131mlar ve yard\u0131mc\u0131 teknoloji gibi uygulamalar kullan\u0131lmaktad\u0131r.<\/p>\n","protected":false},"excerpt":{"rendered":"<p>Ergoterapi, fiziksel, duyusal, sosyal veya bili\u015fsel sorunlar\u0131 olan her ya\u015ftan bireye yard\u0131mc\u0131 olan bir sa\u011fl\u0131k hizmeti dal\u0131d\u0131r. Ergoterapi, fiziksel, duyusal, sosyal veya bili\u015fsel sorunlar\u0131 olan her ya\u015ftan bireye yard\u0131mc\u0131 olan [&hellip;]<\/p>\n","protected":false},"author":1,"featured_media":50,"parent":0,"menu_order":0,"comment_status":"closed","ping_status":"closed","template":"","meta":{"footnotes":""},"class_list":["post-194","page","type-page","status-publish","has-post-thumbnail","hentry"],"_links":{"self":[{"href":"https:\/\/www.duyudil.com.tr\/index.php?rest_route=\/wp\/v2\/pages\/194","targetHints":{"allow":["GET"]}}],"collection":[{"href":"https:\/\/www.duyudil.com.tr\/index.php?rest_route=\/wp\/v2\/pages"}],"about":[{"href":"https:\/\/www.duyudil.com.tr\/index.php?rest_route=\/wp\/v2\/types\/page"}],"author":[{"embeddable":true,"href":"https:\/\/www.duyudil.com.tr\/index.php?rest_route=\/wp\/v2\/users\/1"}],"replies":[{"embeddable":true,"href":"https:\/\/www.duyudil.com.tr\/index.php?rest_route=%2Fwp%2Fv2%2Fcomments&post=194"}],"version-history":[{"count":1,"href":"https:\/\/www.duyudil.com.tr\/index.php?rest_route=\/wp\/v2\/pages\/194\/revisions"}],"predecessor-version":[{"id":197,"href":"https:\/\/www.duyudil.com.tr\/index.php?rest_route=\/wp\/v2\/pages\/194\/revisions\/197"}],"wp:featuredmedia":[{"embeddable":true,"href":"https:\/\/www.duyudil.com.tr\/index.php?rest_route=\/wp\/v2\/media\/50"}],"wp:attachment":[{"href":"https:\/\/www.duyudil.com.tr\/index.php?rest_route=%2Fwp%2Fv2%2Fmedia&parent=194"}],"curies":[{"name":"wp","href":"https:\/\/api.w.org\/{rel}","templated":true}]}}