{"id":13,"date":"2025-04-19T11:48:25","date_gmt":"2025-04-19T11:48:25","guid":{"rendered":"http:\/\/www.duyudil.com.tr\/?page_id=13"},"modified":"2025-04-19T16:05:50","modified_gmt":"2025-04-19T16:05:50","slug":"hakkimizda","status":"publish","type":"page","link":"https:\/\/www.duyudil.com.tr\/?page_id=13","title":{"rendered":"Hakk\u0131m\u0131zda"},"content":{"rendered":"\n<p><\/p>\n\n\n\n<p class=\"has-foreground-color has-text-color has-link-color wp-elements-5803ce74565489eddb7c77cdcdd75813\">\u00d6zel e\u011fitim ve rehabilitasyon merkezleri, alan\u0131nda uzman e\u011fitmenlerle \u00e7ocu\u011fun bireysel ihtiya\u00e7lar\u0131n\u0131 tamamlama hedefli program d\u00fczenleyip e\u011fitim hizmeti sunan kurulu\u015flard\u0131r.<\/p>\n\n\n\n<p class=\"has-foreground-color has-text-color has-link-color wp-elements-7dfdbf89d3113c3ee5313c32e3a117bf\">\ufeffBireyler sa\u011fl\u0131k kurumlar\u0131&nbsp;&nbsp;ve rehberlik ara\u015ft\u0131rma merkezlerinin d\u00fczenledi\u011fi raporla birlikte destek e\u011fitim hizmetinden faydalan\u0131labilir. Bireysel geli\u015fim ihtiya\u00e7lar\u0131na g\u00f6re haz\u0131rlanan BEP (Bireysel E\u011fitim Plan\u0131) temele al\u0131narak bireye d\u00fczenli e\u011fitim tan\u0131mlan\u0131r. Bireye verilen e\u011fitme ek olarak s\u00fcrece dahil olmas\u0131 ve bireydeki geli\u015fimi desteklemesi amac\u0131yla ailelere de dan\u0131\u015fmanl\u0131k hizmeti sunulmaktad\u0131r. Rehabilitasyon merkezleri bireyin ihtiya\u00e7 duydu\u011fu e\u011fitsel materyali temin etmek ve fiziki ortam\u0131 sa\u011flamak durumundad\u0131r.&nbsp;<\/p>\n\n\n\n<p class=\"has-foreground-color has-text-color has-link-color wp-elements-84dbb8a6e26da61f2fd8a1f301ae7027\">\u00c7ocuklar aras\u0131nda bireysel farkl\u0131l\u0131klar vard\u0131r. \u00d6zel gereksinimli bireyler normal geli\u015fim g\u00f6steren bireylere g\u00f6re daha yo\u011fun bir e\u011fitime ihtiya\u00e7 duyabilir. Baz\u0131lar\u0131 \u00e7ok h\u0131zl\u0131 \u00f6\u011frenirken baz\u0131lar\u0131 daha yava\u015f \u00f6\u011frenir ama her \u00e7ocuk \u00f6\u011frenir. Bazen ayn\u0131 yolla bazen farkl\u0131 yolla, bazen ayn\u0131 anda bazen farkl\u0131 anda. \u00d6nemli olan \u00e7ocu\u011fun kabul g\u00f6rd\u00fc\u011f\u00fc ortamda ihtiyac\u0131na y\u00f6nelik verimli bir e\u011fitim ortam\u0131 sunmakt\u0131r.&nbsp;<\/p>\n\n\n\n<p class=\"has-foreground-color has-text-color has-link-color wp-elements-05c5425534d26a700bac298cbe516b0b\">Bizim kurumumuz sekiz y\u0131ld\u0131r \u0130stanbul\u2019un farkl\u0131 il\u00e7elerinde faaliyet g\u00f6steren rehabilitasyon merkezlerinin devam\u0131 niteli\u011finde 2021 y\u0131l\u0131nda a\u00e7\u0131lm\u0131\u015ft\u0131r. Tecr\u00fcbeli uzman kadrosuyla iki y\u0131ld\u0131r faaliyette bulunan kurumumuzda dil konu\u015fma terapisti, ergoterapist, fizyoterapist, psikolog, \u00f6zel e\u011fitim alan \u00f6\u011fretmeni ve uzman \u00f6\u011fretici \u00e7al\u0131\u015fma arkada\u015flar\u0131m\u0131zla \u00f6zel gereksinimli \u00e7ocuklara nitelikli e\u011fitim verilmektedir.&nbsp;<\/p>\n\n\n\n<p class=\"has-foreground-color has-text-color has-link-color wp-elements-5a6cc70d992ccdb03905dc3ca58330d9\"><strong>E\u011fitim Programlar\u0131m\u0131z:<br><\/strong>* Bedensel Engelliler,<br>* Yayg\u0131n Geli\u015fimsel Bozukluklar,<br>* \u00d6zel \u00d6\u011frenme G\u00fc\u00e7l\u00fc\u011f\u00fc (Disleksi)<br>* Zihinsel Engelliler,<br>* Dil ve Konu\u015fma Bozukluklar\u0131,<br>* Down Sendromu,<br>* Dikkat Eksikli\u011fi ve Hiperaktivite,<br>* Davran\u0131\u015f Bozukluklar\u0131,<br>* Okula Uyum Sorunlar\u0131,<br>* Sosyal ve Duygusal Geli\u015fim.<br>* \u00d6zel e\u011fitim ve rehabilitasyon merkezimizde,<br>* Bedensel Engelliler,<br>* Otizm,<br>* Dikkat Eksikli\u011fi ve Hiperaktivite,<br>* Davran\u0131\u015f Bozukluklar\u0131,<br>* Okula Uyum Sorunlar\u0131,<br>* Sosyal ve Duygusal Geli\u015fim,<br>* Zihinsel Engelliler,<br>* \u00d6\u011frenme G\u00fc\u00e7l\u00fc\u011f\u00fc,<br>* Down Sendromu,<br>* \u00d6zel e\u011fitim ve Rehabilitasyon Merkezleri,<br>* Aile E\u011fitimi<\/p>\n","protected":false},"excerpt":{"rendered":"<p>\u00d6zel e\u011fitim ve rehabilitasyon merkezleri, alan\u0131nda uzman e\u011fitmenlerle \u00e7ocu\u011fun bireysel ihtiya\u00e7lar\u0131n\u0131 tamamlama hedefli program d\u00fczenleyip e\u011fitim hizmeti sunan kurulu\u015flard\u0131r. \ufeffBireyler sa\u011fl\u0131k kurumlar\u0131&nbsp;&nbsp;ve rehberlik ara\u015ft\u0131rma merkezlerinin d\u00fczenledi\u011fi raporla birlikte destek e\u011fitim [&hellip;]<\/p>\n","protected":false},"author":1,"featured_media":26,"parent":16,"menu_order":0,"comment_status":"closed","ping_status":"closed","template":"","meta":{"footnotes":""},"class_list":["post-13","page","type-page","status-publish","has-post-thumbnail","hentry"],"_links":{"self":[{"href":"https:\/\/www.duyudil.com.tr\/index.php?rest_route=\/wp\/v2\/pages\/13","targetHints":{"allow":["GET"]}}],"collection":[{"href":"https:\/\/www.duyudil.com.tr\/index.php?rest_route=\/wp\/v2\/pages"}],"about":[{"href":"https:\/\/www.duyudil.com.tr\/index.php?rest_route=\/wp\/v2\/types\/page"}],"author":[{"embeddable":true,"href":"https:\/\/www.duyudil.com.tr\/index.php?rest_route=\/wp\/v2\/users\/1"}],"replies":[{"embeddable":true,"href":"https:\/\/www.duyudil.com.tr\/index.php?rest_route=%2Fwp%2Fv2%2Fcomments&post=13"}],"version-history":[{"count":3,"href":"https:\/\/www.duyudil.com.tr\/index.php?rest_route=\/wp\/v2\/pages\/13\/revisions"}],"predecessor-version":[{"id":83,"href":"https:\/\/www.duyudil.com.tr\/index.php?rest_route=\/wp\/v2\/pages\/13\/revisions\/83"}],"up":[{"embeddable":true,"href":"https:\/\/www.duyudil.com.tr\/index.php?rest_route=\/wp\/v2\/pages\/16"}],"wp:featuredmedia":[{"embeddable":true,"href":"https:\/\/www.duyudil.com.tr\/index.php?rest_route=\/wp\/v2\/media\/26"}],"wp:attachment":[{"href":"https:\/\/www.duyudil.com.tr\/index.php?rest_route=%2Fwp%2Fv2%2Fmedia&parent=13"}],"curies":[{"name":"wp","href":"https:\/\/api.w.org\/{rel}","templated":true}]}}